{"id":7,"date":"2026-04-30T08:15:24","date_gmt":"2026-04-30T08:15:24","guid":{"rendered":"https:\/\/135slavimo.ba\/?page_id=7"},"modified":"2026-05-05T11:30:13","modified_gmt":"2026-05-05T11:30:13","slug":"pocetna","status":"publish","type":"page","link":"https:\/\/135slavimo.ba\/","title":{"rendered":"Pocetna"},"content":{"rendered":"\t\t<div data-elementor-type=\"wp-post\" data-elementor-id=\"7\" class=\"elementor elementor-7\">\n\t\t\t\t<div class=\"elementor-element elementor-element-bb72d52 e-con-full e-flex e-con e-parent\" data-id=\"bb72d52\" data-element_type=\"container\" data-e-type=\"container\">\n\t\t\t\t<div class=\"elementor-element elementor-element-d9e7e86 elementor-invisible elementor-widget elementor-widget-image\" data-id=\"d9e7e86\" data-element_type=\"widget\" data-e-type=\"widget\" data-settings=\"{&quot;_animation&quot;:&quot;fadeInDown&quot;}\" data-widget_type=\"image.default\">\n\t\t\t\t\t\t\t\t\t\t\t\t\t\t\t<img fetchpriority=\"high\" decoding=\"async\" width=\"400\" height=\"128\" src=\"https:\/\/135slavimo.ba\/wp-content\/uploads\/2026\/04\/SK-logo-1.png\" class=\"attachment-large size-large wp-image-27\" alt=\"\" srcset=\"https:\/\/135slavimo.ba\/wp-content\/uploads\/2026\/04\/SK-logo-1.png 400w, https:\/\/135slavimo.ba\/wp-content\/uploads\/2026\/04\/SK-logo-1-300x96.png 300w\" sizes=\"(max-width: 400px) 100vw, 400px\" \/>\t\t\t\t\t\t\t\t\t\t\t\t\t\t\t<\/div>\n\t\t\t\t<div class=\"elementor-element elementor-element-b236e0f elementor-hidden-tablet elementor-hidden-mobile elementor-invisible elementor-widget elementor-widget-image\" data-id=\"b236e0f\" data-element_type=\"widget\" data-e-type=\"widget\" data-settings=\"{&quot;_animation&quot;:&quot;fadeIn&quot;}\" data-widget_type=\"image.default\">\n\t\t\t\t\t\t\t\t\t\t\t\t\t\t\t<img decoding=\"async\" width=\"1829\" height=\"1244\" src=\"https:\/\/135slavimo.ba\/wp-content\/uploads\/2026\/04\/Group-28.png\" class=\"attachment-full size-full wp-image-28\" alt=\"\" srcset=\"https:\/\/135slavimo.ba\/wp-content\/uploads\/2026\/04\/Group-28.png 1829w, https:\/\/135slavimo.ba\/wp-content\/uploads\/2026\/04\/Group-28-300x204.png 300w, https:\/\/135slavimo.ba\/wp-content\/uploads\/2026\/04\/Group-28-1024x696.png 1024w, https:\/\/135slavimo.ba\/wp-content\/uploads\/2026\/04\/Group-28-768x522.png 768w, https:\/\/135slavimo.ba\/wp-content\/uploads\/2026\/04\/Group-28-1536x1045.png 1536w\" sizes=\"(max-width: 1829px) 100vw, 1829px\" \/>\t\t\t\t\t\t\t\t\t\t\t\t\t\t\t<\/div>\n\t\t\t\t<div class=\"elementor-element elementor-element-c442e92 elementor-hidden-desktop elementor-hidden-laptop elementor-widget elementor-widget-image\" data-id=\"c442e92\" data-element_type=\"widget\" data-e-type=\"widget\" data-settings=\"{&quot;_animation_mobile&quot;:&quot;fadeIn&quot;}\" data-widget_type=\"image.default\">\n\t\t\t\t\t\t\t\t\t\t\t\t\t\t\t<img decoding=\"async\" width=\"412\" height=\"788\" src=\"https:\/\/135slavimo.ba\/wp-content\/uploads\/2026\/04\/Group-29.png\" class=\"attachment-full size-full wp-image-59\" alt=\"\" srcset=\"https:\/\/135slavimo.ba\/wp-content\/uploads\/2026\/04\/Group-29.png 412w, https:\/\/135slavimo.ba\/wp-content\/uploads\/2026\/04\/Group-29-157x300.png 157w\" sizes=\"(max-width: 412px) 100vw, 412px\" \/>\t\t\t\t\t\t\t\t\t\t\t\t\t\t\t<\/div>\n\t\t\t\t<\/div>\n\t\t<div class=\"elementor-element elementor-element-9bb000c e-flex e-con-boxed elementor-invisible e-con e-parent\" data-id=\"9bb000c\" data-element_type=\"container\" data-e-type=\"container\" data-settings=\"{&quot;animation&quot;:&quot;fadeIn&quot;}\">\n\t\t\t\t\t<div class=\"e-con-inner\">\n\t\t\t\t<div class=\"elementor-element elementor-element-da3b8e1 elementor-widget elementor-widget-heading\" data-id=\"da3b8e1\" data-element_type=\"widget\" data-e-type=\"widget\" data-widget_type=\"heading.default\">\n\t\t\t\t\t<h2 class=\"elementor-heading-title elementor-size-default\">KUPI BILO KOJU BOCU SARAJEVSKOG KISELJAKA I UKUCAJ RA\u010cUN!<\/h2>\t\t\t\t<\/div>\n\t\t\t\t<div class=\"elementor-element elementor-element-230c2aa eael-contact-form-7-button-align-right eael-contact-form-7-button-custom elementor-widget elementor-widget-eael-contact-form-7\" data-id=\"230c2aa\" data-element_type=\"widget\" data-e-type=\"widget\" data-widget_type=\"eael-contact-form-7.default\">\n\t\t\t\t\t<div class=\"eael-contact-form-7-wrapper\">\n                <div class=\"eael-contact-form eael-contact-form-7 eael-contact-form-230c2aa placeholder-show eael-contact-form-align-default\">\n<div class=\"wpcf7 no-js\" id=\"wpcf7-f9-o1\" lang=\"en-US\" dir=\"ltr\" data-wpcf7-id=\"9\">\n<div class=\"screen-reader-response\"><p role=\"status\" aria-live=\"polite\" aria-atomic=\"true\"><\/p> <ul><\/ul><\/div>\n<form action=\"\/index.php?rest_route=%2Fwp%2Fv2%2Fpages%2F7#wpcf7-f9-o1\" method=\"post\" class=\"wpcf7-form init\" aria-label=\"Contact form\" novalidate=\"novalidate\" data-status=\"init\">\n<fieldset class=\"hidden-fields-container\"><input type=\"hidden\" name=\"_wpcf7\" value=\"9\" \/><input type=\"hidden\" name=\"_wpcf7_version\" value=\"6.1.5\" \/><input type=\"hidden\" name=\"_wpcf7_locale\" value=\"en_US\" \/><input type=\"hidden\" name=\"_wpcf7_unit_tag\" value=\"wpcf7-f9-o1\" \/><input type=\"hidden\" name=\"_wpcf7_container_post\" value=\"0\" \/><input type=\"hidden\" name=\"_wpcf7_posted_data_hash\" value=\"\" \/>\n<\/fieldset>\n<p><span class=\"wpcf7-form-control-wrap\" data-name=\"tel-28\"><input size=\"40\" maxlength=\"400\" class=\"wpcf7-form-control wpcf7-tel wpcf7-validates-as-required wpcf7-text wpcf7-validates-as-tel\" aria-required=\"true\" aria-invalid=\"false\" placeholder=\"Broj telefona\" value=\"\" type=\"tel\" name=\"tel-28\" \/><\/span>\n<\/p>\n<p><span class=\"wpcf7-form-control-wrap\" data-name=\"your-number\"><input size=\"40\" maxlength=\"400\" class=\"wpcf7-form-control wpcf7-text wpcf7-validates-as-required\" aria-required=\"true\" aria-invalid=\"false\" placeholder=\"Broj fiskalnog ra\u010duna\" value=\"\" type=\"text\" name=\"your-number\" \/><\/span>\n<\/p>\n<p><span class=\"wpcf7-form-control-wrap\" data-name=\"your-name\"><input size=\"40\" maxlength=\"400\" class=\"wpcf7-form-control wpcf7-text wpcf7-validates-as-required\" aria-required=\"true\" aria-invalid=\"false\" placeholder=\"Ime i prezime\" value=\"\" type=\"text\" name=\"your-name\" \/><\/span>\n<\/p>\n<p><span class=\"wpcf7-form-control-wrap\" data-name=\"your-subject\"><input size=\"40\" maxlength=\"400\" class=\"wpcf7-form-control wpcf7-text wpcf7-validates-as-required\" aria-required=\"true\" aria-invalid=\"false\" placeholder=\"Grad\" value=\"\" type=\"text\" name=\"your-subject\" \/><\/span>\n<\/p>\n<p><input class=\"wpcf7-form-control wpcf7-submit has-spinner\" type=\"submit\" value=\"Po\u0161alji\" \/>\n<\/p><div class=\"wpcf7-response-output\" aria-hidden=\"true\"><\/div>\n<\/form>\n<\/div>\n<\/div>\n            <\/div>\t\t\t\t<\/div>\n\t\t\t\t\t<\/div>\n\t\t\t\t<\/div>\n\t\t<div class=\"elementor-element elementor-element-9569715 e-flex e-con-boxed elementor-invisible e-con e-parent\" data-id=\"9569715\" data-element_type=\"container\" data-e-type=\"container\" data-settings=\"{&quot;animation&quot;:&quot;fadeIn&quot;}\">\n\t\t\t\t\t<div class=\"e-con-inner\">\n\t\t\t\t<div class=\"elementor-element elementor-element-d3b18d8 elementor-mobile-align-justify elementor-widget elementor-widget-button\" data-id=\"d3b18d8\" data-element_type=\"widget\" data-e-type=\"widget\" data-widget_type=\"button.default\">\n\t\t\t\t\t\t\t\t\t\t<a class=\"elementor-button elementor-button-link elementor-size-sm\" href=\"https:\/\/135slavimo.ba\/wp-content\/uploads\/2026\/05\/Sarajevski_kiseljak_2026_pravila_RS.pdf\" target=\"_blank\">\n\t\t\t\t\t\t<span class=\"elementor-button-content-wrapper\">\n\t\t\t\t\t\t\t\t\t<span class=\"elementor-button-text\">Pravilnik - RS<\/span>\n\t\t\t\t\t<\/span>\n\t\t\t\t\t<\/a>\n\t\t\t\t\t\t\t\t<\/div>\n\t\t\t\t<div class=\"elementor-element elementor-element-1c7f85c elementor-mobile-align-justify elementor-widget elementor-widget-button\" data-id=\"1c7f85c\" data-element_type=\"widget\" data-e-type=\"widget\" data-widget_type=\"button.default\">\n\t\t\t\t\t\t\t\t\t\t<a class=\"elementor-button elementor-button-link elementor-size-sm\" href=\"https:\/\/135slavimo.ba\/wp-content\/uploads\/2026\/05\/Sarajevski_kiseljak_2026_Pravila_FBiH.pdf\" target=\"_blank\">\n\t\t\t\t\t\t<span class=\"elementor-button-content-wrapper\">\n\t\t\t\t\t\t\t\t\t<span class=\"elementor-button-text\">Pravilnik - FBiH<\/span>\n\t\t\t\t\t<\/span>\n\t\t\t\t\t<\/a>\n\t\t\t\t\t\t\t\t<\/div>\n\t\t\t\t<div class=\"elementor-element elementor-element-e8f7307 elementor-mobile-align-justify elementor-widget elementor-widget-button\" data-id=\"e8f7307\" data-element_type=\"widget\" data-e-type=\"widget\" data-widget_type=\"button.default\">\n\t\t\t\t\t\t\t\t\t\t<a class=\"elementor-button elementor-button-link elementor-size-sm\" href=\"https:\/\/135slavimo.ba\/wp-content\/uploads\/2026\/05\/Sarajevski_kiseljak_2026_Pravila_BD.pdf\" target=\"_blank\">\n\t\t\t\t\t\t<span class=\"elementor-button-content-wrapper\">\n\t\t\t\t\t\t\t\t\t<span class=\"elementor-button-text\">Pravilnik - BD<\/span>\n\t\t\t\t\t<\/span>\n\t\t\t\t\t<\/a>\n\t\t\t\t\t\t\t\t<\/div>\n\t\t\t\t\t<\/div>\n\t\t\t\t<\/div>\n\t\t<div class=\"elementor-element elementor-element-95a8b39 e-flex e-con-boxed elementor-invisible e-con e-parent\" data-id=\"95a8b39\" data-element_type=\"container\" data-e-type=\"container\" data-settings=\"{&quot;animation&quot;:&quot;fadeIn&quot;}\">\n\t\t\t\t\t<div class=\"e-con-inner\">\n\t\t\t\t<div class=\"elementor-element elementor-element-a17afe1 elementor-position-inline-start elementor-mobile-position-inline-start elementor-view-default elementor-widget elementor-widget-icon-box\" data-id=\"a17afe1\" data-element_type=\"widget\" data-e-type=\"widget\" data-widget_type=\"icon-box.default\">\n\t\t\t\t\t\t\t<div class=\"elementor-icon-box-wrapper\">\n\n\t\t\t\t\t\t<div class=\"elementor-icon-box-icon\">\n\t\t\t\t<span  class=\"elementor-icon\">\n\t\t\t\t<svg xmlns=\"http:\/\/www.w3.org\/2000\/svg\" width=\"47\" height=\"47\" viewBox=\"0 0 47 47\" fill=\"none\"><path d=\"M37.0729 2.51025H9.9271C4.45325 2.51025 0 6.9635 0 12.4374V25.1316C0 27.4809 0.840492 29.7614 2.36662 31.5529C3.68372 33.0988 5.44117 34.2046 7.38258 34.7235L5.17018 43.4964C5.0906 43.8119 5.21048 44.144 5.47311 44.3358C5.61292 44.438 5.77834 44.4896 5.94412 44.4896C6.08971 44.4896 6.23567 44.4499 6.36492 44.3695L21.3671 35.0585H37.0728C42.5467 35.0585 46.9999 30.6052 46.9999 25.1314V12.4374C47 6.9635 42.5467 2.51025 37.0729 2.51025ZM45.4037 25.1316C45.4037 29.7253 41.6665 33.4624 37.0728 33.4624H21.1813C21.1777 33.4624 21.1742 33.4629 21.1706 33.463C21.0167 33.4569 20.8595 33.4951 20.7187 33.5825L7.20073 41.9723L9.09634 34.4557C9.09799 34.449 9.09881 34.4423 9.10038 34.4356C9.12369 34.3807 9.14178 34.3227 9.15252 34.2614C9.22825 33.8272 8.9378 33.4137 8.5036 33.3378C4.50126 32.6387 1.59635 29.1875 1.59635 25.1317V12.4374C1.59635 7.84365 5.33349 4.10642 9.92719 4.10642H37.073C41.6667 4.10642 45.4039 7.84365 45.4039 12.4374V25.1316H45.4037ZM12.7329 17.8345C11.4416 17.5248 10.3263 17.2573 10.3263 16.2625C10.3263 15.1697 11.5522 14.7804 12.6994 14.7804C13.4573 14.7804 14.1969 14.9037 14.9017 15.1487C15.0093 15.1918 15.0924 15.2119 15.1632 15.2119C15.5717 15.2119 15.8246 14.8541 15.8246 14.5226C15.8246 14.2011 15.6665 13.9749 15.3665 13.8678C14.5322 13.5586 13.588 13.402 12.5603 13.402C9.99751 13.402 8.85041 14.8877 8.85041 16.3601C8.85041 18.3697 10.8432 18.8799 12.4446 19.29C13.6904 19.6089 14.7663 19.8844 14.7663 20.703C14.7663 21.073 14.7663 22.1991 12.435 22.1991C11.482 22.1991 10.573 22.0098 9.73405 21.6369C9.63188 21.5932 9.53476 21.5727 9.42836 21.5727C9.0497 21.5727 8.75302 21.8754 8.75302 22.2619C8.75302 22.5388 8.9468 22.825 9.20594 22.9287C10.2477 23.3778 11.3762 23.6054 12.5603 23.6054C14.72 23.6054 16.2283 22.4462 16.2283 20.7865C16.2283 18.6731 14.2902 18.2082 12.7329 17.8345ZM27.9129 13.4714H27.4535C27.0497 13.4714 26.6693 13.7332 26.5073 14.1216L23.4446 21.7579L20.3814 14.1204C20.2195 13.7321 19.8396 13.4714 19.4357 13.4714H18.9763C18.4197 13.4714 17.9669 13.9304 17.9669 14.4947V22.8047C17.9669 23.2078 18.2948 23.5357 18.6979 23.5357C19.1087 23.5357 19.4429 23.2078 19.4429 22.8047V15.8916L19.6138 15.8583L22.4579 22.8886C22.6337 23.2877 23.0117 23.5357 23.4446 23.5357C23.8776 23.5357 24.2565 23.2857 24.4325 22.8858L27.2753 15.8583L27.4463 15.8916V22.8047C27.4463 23.2078 27.7804 23.5357 28.1912 23.5357C28.5943 23.5357 28.9223 23.2078 28.9223 22.8047V14.4947C28.9222 13.9304 28.4694 13.4714 27.9129 13.4714ZM34.7515 17.8345C33.4602 17.5247 32.345 17.2573 32.345 16.2625C32.345 15.1697 33.5709 14.7804 34.718 14.7804C35.476 14.7804 36.2156 14.9037 36.9203 15.1487C37.028 15.1918 37.1111 15.2119 37.1819 15.2119C37.5904 15.2119 37.8433 14.8541 37.8433 14.5226C37.8433 14.2011 37.6852 13.9749 37.3852 13.8678C36.5509 13.5586 35.6067 13.402 34.5789 13.402C32.0162 13.402 30.869 14.8877 30.869 16.3601C30.869 18.3698 32.8618 18.88 34.4632 19.29C35.709 19.6089 36.7848 19.8844 36.7848 20.703C36.7848 21.073 36.7848 22.1991 34.4536 22.1991C33.5006 22.1991 32.5916 22.0098 31.7525 21.6369C31.6504 21.5931 31.5532 21.5727 31.4469 21.5727C31.0682 21.5727 30.7715 21.8754 30.7715 22.2619C30.7715 22.5388 30.9653 22.825 31.2244 22.9287C32.2661 23.3778 33.3947 23.6054 34.5788 23.6054C36.7385 23.6054 38.2468 22.4462 38.2468 20.7865C38.247 18.6731 36.3089 18.2082 34.7515 17.8345Z\" fill=\"white\"><\/path><\/svg>\t\t\t\t<\/span>\n\t\t\t<\/div>\n\t\t\t\n\t\t\t\t\t\t<div class=\"elementor-icon-box-content\">\n\n\t\t\t\t\t\t\t\t\t<h3 class=\"elementor-icon-box-title\">\n\t\t\t\t\t\t<span  >\n\t\t\t\t\t\t\tIli po\u0161alji sms na <strong> 091 112 411<\/strong>\t\t\t\t\t\t<\/span>\n\t\t\t\t\t<\/h3>\n\t\t\t\t\n\t\t\t\t\n\t\t\t<\/div>\n\t\t\t\n\t\t<\/div>\n\t\t\t\t\t\t<\/div>\n\t\t\t\t\t<\/div>\n\t\t\t\t<\/div>\n\t\t<div class=\"elementor-element elementor-element-8b35e01 e-flex e-con-boxed elementor-invisible e-con e-parent\" data-id=\"8b35e01\" data-element_type=\"container\" data-e-type=\"container\" data-settings=\"{&quot;animation&quot;:&quot;fadeIn&quot;}\">\n\t\t\t\t\t<div class=\"e-con-inner\">\n\t\t<div class=\"elementor-element elementor-element-5496a11 e-con-full e-flex e-con e-child\" data-id=\"5496a11\" data-element_type=\"container\" data-e-type=\"container\" data-settings=\"{&quot;background_background&quot;:&quot;classic&quot;}\">\n\t\t\t\t<div class=\"elementor-element elementor-element-bfab088 elementor-widget elementor-widget-text-editor\" data-id=\"bfab088\" data-element_type=\"widget\" data-e-type=\"widget\" data-widget_type=\"text-editor.default\">\n\t\t\t\t\t\t\t\t\t<p>Po\u0161alji SMS-om broj fiskalnog ra\u010duna (razmak) ime i prezime (razmak)<br \/>grad kupca, na <strong>091 112 411<\/strong> ili se besplatno prijavi unosom podataka<br \/>u formu. <strong>Obavezno sa\u010duvajte ra\u010dun.<\/strong><\/p>\t\t\t\t\t\t\t\t<\/div>\n\t\t\t\t<\/div>\n\t\t\t\t\t<\/div>\n\t\t\t\t<\/div>\n\t\t<div class=\"elementor-element elementor-element-35ac8db e-flex e-con-boxed elementor-invisible e-con e-parent\" data-id=\"35ac8db\" data-element_type=\"container\" data-e-type=\"container\" data-settings=\"{&quot;animation&quot;:&quot;fadeIn&quot;}\">\n\t\t\t\t\t<div class=\"e-con-inner\">\n\t\t\t\t<div class=\"elementor-element elementor-element-9bcb749 elementor-widget elementor-widget-heading\" data-id=\"9bcb749\" data-element_type=\"widget\" data-e-type=\"widget\" data-widget_type=\"heading.default\">\n\t\t\t\t\t<h2 class=\"elementor-heading-title elementor-size-default\">OSVOJI VRIJEDNE NAGRADE!<\/h2>\t\t\t\t<\/div>\n\t\t\t\t\t<\/div>\n\t\t\t\t<\/div>\n\t\t<div class=\"elementor-element elementor-element-2cd952b e-flex e-con-boxed e-con e-parent\" data-id=\"2cd952b\" data-element_type=\"container\" data-e-type=\"container\">\n\t\t\t\t\t<div class=\"e-con-inner\">\n\t\t<div class=\"elementor-element elementor-element-6aaacc0 e-con-full e-flex e-con e-child\" data-id=\"6aaacc0\" data-element_type=\"container\" data-e-type=\"container\">\n\t\t\t\t<div class=\"elementor-element elementor-element-3704cea elementor-invisible elementor-widget elementor-widget-image\" data-id=\"3704cea\" data-element_type=\"widget\" data-e-type=\"widget\" data-settings=\"{&quot;_animation&quot;:&quot;fadeIn&quot;}\" data-widget_type=\"image.default\">\n\t\t\t\t\t\t\t\t\t\t\t\t\t\t\t<img loading=\"lazy\" decoding=\"async\" width=\"765\" height=\"307\" src=\"https:\/\/135slavimo.ba\/wp-content\/uploads\/2026\/04\/Group-21-1-e1777539002326.png\" class=\"attachment-full size-full wp-image-17\" alt=\"\" srcset=\"https:\/\/135slavimo.ba\/wp-content\/uploads\/2026\/04\/Group-21-1-e1777539002326.png 765w, https:\/\/135slavimo.ba\/wp-content\/uploads\/2026\/04\/Group-21-1-e1777539002326-300x120.png 300w\" sizes=\"(max-width: 765px) 100vw, 765px\" \/>\t\t\t\t\t\t\t\t\t\t\t\t\t\t\t<\/div>\n\t\t\t\t<\/div>\n\t\t<div class=\"elementor-element elementor-element-3a5bd9b e-con-full e-flex e-con e-child\" data-id=\"3a5bd9b\" data-element_type=\"container\" data-e-type=\"container\">\n\t\t\t\t<div class=\"elementor-element elementor-element-4e9f160 elementor-invisible elementor-widget elementor-widget-image\" data-id=\"4e9f160\" data-element_type=\"widget\" data-e-type=\"widget\" data-settings=\"{&quot;_animation&quot;:&quot;fadeIn&quot;,&quot;_animation_delay&quot;:300}\" data-widget_type=\"image.default\">\n\t\t\t\t\t\t\t\t\t\t\t\t\t\t\t<img loading=\"lazy\" decoding=\"async\" width=\"793\" height=\"315\" src=\"https:\/\/135slavimo.ba\/wp-content\/uploads\/2026\/04\/Group-22-e1777539025987.png\" class=\"attachment-full size-full wp-image-18\" alt=\"\" srcset=\"https:\/\/135slavimo.ba\/wp-content\/uploads\/2026\/04\/Group-22-e1777539025987.png 793w, https:\/\/135slavimo.ba\/wp-content\/uploads\/2026\/04\/Group-22-e1777539025987-300x119.png 300w, https:\/\/135slavimo.ba\/wp-content\/uploads\/2026\/04\/Group-22-e1777539025987-768x305.png 768w\" sizes=\"(max-width: 793px) 100vw, 793px\" \/>\t\t\t\t\t\t\t\t\t\t\t\t\t\t\t<\/div>\n\t\t\t\t<\/div>\n\t\t\t\t\t<\/div>\n\t\t\t\t<\/div>\n\t\t<div class=\"elementor-element elementor-element-0517b0a e-flex e-con-boxed e-con e-parent\" data-id=\"0517b0a\" data-element_type=\"container\" data-e-type=\"container\">\n\t\t\t\t\t<div class=\"e-con-inner\">\n\t\t<div class=\"elementor-element elementor-element-345b57d e-con-full e-flex e-con e-child\" data-id=\"345b57d\" data-element_type=\"container\" data-e-type=\"container\">\n\t\t\t\t<div class=\"elementor-element elementor-element-2ae405f elementor-invisible elementor-widget elementor-widget-image\" data-id=\"2ae405f\" data-element_type=\"widget\" data-e-type=\"widget\" data-settings=\"{&quot;_animation&quot;:&quot;fadeIn&quot;,&quot;_animation_delay&quot;:300}\" data-widget_type=\"image.default\">\n\t\t\t\t\t\t\t\t\t\t\t\t\t\t\t<img loading=\"lazy\" decoding=\"async\" width=\"607\" height=\"250\" src=\"https:\/\/135slavimo.ba\/wp-content\/uploads\/2026\/04\/Group-23-e1777539061834.png\" class=\"attachment-full size-full wp-image-19\" alt=\"\" srcset=\"https:\/\/135slavimo.ba\/wp-content\/uploads\/2026\/04\/Group-23-e1777539061834.png 607w, https:\/\/135slavimo.ba\/wp-content\/uploads\/2026\/04\/Group-23-e1777539061834-300x124.png 300w\" sizes=\"(max-width: 607px) 100vw, 607px\" \/>\t\t\t\t\t\t\t\t\t\t\t\t\t\t\t<\/div>\n\t\t\t\t<\/div>\n\t\t<div class=\"elementor-element elementor-element-e90a8ff e-con-full e-flex e-con e-child\" data-id=\"e90a8ff\" data-element_type=\"container\" data-e-type=\"container\">\n\t\t\t\t<div class=\"elementor-element elementor-element-e75bf61 elementor-invisible elementor-widget elementor-widget-image\" data-id=\"e75bf61\" data-element_type=\"widget\" data-e-type=\"widget\" data-settings=\"{&quot;_animation&quot;:&quot;fadeIn&quot;,&quot;_animation_delay&quot;:600}\" data-widget_type=\"image.default\">\n\t\t\t\t\t\t\t\t\t\t\t\t\t\t\t<img loading=\"lazy\" decoding=\"async\" width=\"472\" height=\"231\" src=\"https:\/\/135slavimo.ba\/wp-content\/uploads\/2026\/04\/Group-24-e1777539077718.png\" class=\"attachment-full size-full wp-image-20\" alt=\"\" srcset=\"https:\/\/135slavimo.ba\/wp-content\/uploads\/2026\/04\/Group-24-e1777539077718.png 472w, https:\/\/135slavimo.ba\/wp-content\/uploads\/2026\/04\/Group-24-e1777539077718-300x147.png 300w\" sizes=\"(max-width: 472px) 100vw, 472px\" \/>\t\t\t\t\t\t\t\t\t\t\t\t\t\t\t<\/div>\n\t\t\t\t<\/div>\n\t\t<div class=\"elementor-element elementor-element-546df63 e-con-full e-flex e-con e-child\" data-id=\"546df63\" data-element_type=\"container\" data-e-type=\"container\">\n\t\t\t\t<div class=\"elementor-element elementor-element-eac93bf elementor-invisible elementor-widget elementor-widget-image\" data-id=\"eac93bf\" data-element_type=\"widget\" data-e-type=\"widget\" data-settings=\"{&quot;_animation&quot;:&quot;fadeIn&quot;,&quot;_animation_delay&quot;:900}\" data-widget_type=\"image.default\">\n\t\t\t\t\t\t\t\t\t\t\t\t\t\t\t<img loading=\"lazy\" decoding=\"async\" width=\"529\" height=\"198\" src=\"https:\/\/135slavimo.ba\/wp-content\/uploads\/2026\/04\/Group-25-e1777539108870.png\" class=\"attachment-full size-full wp-image-21\" alt=\"\" srcset=\"https:\/\/135slavimo.ba\/wp-content\/uploads\/2026\/04\/Group-25-e1777539108870.png 529w, https:\/\/135slavimo.ba\/wp-content\/uploads\/2026\/04\/Group-25-e1777539108870-300x112.png 300w\" sizes=\"(max-width: 529px) 100vw, 529px\" \/>\t\t\t\t\t\t\t\t\t\t\t\t\t\t\t<\/div>\n\t\t\t\t<\/div>\n\t\t\t\t\t<\/div>\n\t\t\t\t<\/div>\n\t\t<div class=\"elementor-element elementor-element-2a08de5 e-flex e-con-boxed e-con e-parent\" data-id=\"2a08de5\" data-element_type=\"container\" data-e-type=\"container\">\n\t\t\t\t\t<div class=\"e-con-inner\">\n\t\t<div class=\"elementor-element elementor-element-64d23ce e-con-full e-flex e-con e-child\" data-id=\"64d23ce\" data-element_type=\"container\" data-e-type=\"container\">\n\t\t\t\t<div class=\"elementor-element elementor-element-5e37884 elementor-invisible elementor-widget elementor-widget-image\" data-id=\"5e37884\" data-element_type=\"widget\" data-e-type=\"widget\" data-settings=\"{&quot;_animation&quot;:&quot;fadeIn&quot;,&quot;_animation_delay&quot;:300}\" data-widget_type=\"image.default\">\n\t\t\t\t\t\t\t\t\t\t\t\t\t\t\t<img loading=\"lazy\" decoding=\"async\" width=\"613\" height=\"251\" src=\"https:\/\/135slavimo.ba\/wp-content\/uploads\/2026\/04\/Group-26-1.png\" class=\"attachment-full size-full wp-image-22\" alt=\"\" srcset=\"https:\/\/135slavimo.ba\/wp-content\/uploads\/2026\/04\/Group-26-1.png 613w, https:\/\/135slavimo.ba\/wp-content\/uploads\/2026\/04\/Group-26-1-300x123.png 300w\" sizes=\"(max-width: 613px) 100vw, 613px\" \/>\t\t\t\t\t\t\t\t\t\t\t\t\t\t\t<\/div>\n\t\t\t\t<\/div>\n\t\t<div class=\"elementor-element elementor-element-2c20dca e-con-full e-flex e-con e-child\" data-id=\"2c20dca\" data-element_type=\"container\" data-e-type=\"container\">\n\t\t\t\t<div class=\"elementor-element elementor-element-8b0c477 elementor-invisible elementor-widget elementor-widget-image\" data-id=\"8b0c477\" data-element_type=\"widget\" data-e-type=\"widget\" data-settings=\"{&quot;_animation&quot;:&quot;fadeIn&quot;,&quot;_animation_delay&quot;:600}\" data-widget_type=\"image.default\">\n\t\t\t\t\t\t\t\t\t\t\t\t\t\t\t<img loading=\"lazy\" decoding=\"async\" width=\"572\" height=\"161\" src=\"https:\/\/135slavimo.ba\/wp-content\/uploads\/2026\/04\/Group-27.png\" class=\"attachment-full size-full wp-image-23\" alt=\"\" srcset=\"https:\/\/135slavimo.ba\/wp-content\/uploads\/2026\/04\/Group-27.png 572w, https:\/\/135slavimo.ba\/wp-content\/uploads\/2026\/04\/Group-27-300x84.png 300w\" sizes=\"(max-width: 572px) 100vw, 572px\" \/>\t\t\t\t\t\t\t\t\t\t\t\t\t\t\t<\/div>\n\t\t\t\t<\/div>\n\t\t<div class=\"elementor-element elementor-element-fcf7993 e-con-full e-flex e-con e-child\" data-id=\"fcf7993\" data-element_type=\"container\" data-e-type=\"container\">\n\t\t\t\t<\/div>\n\t\t\t\t\t<\/div>\n\t\t\t\t<\/div>\n\t\t<div class=\"elementor-element elementor-element-aec804f e-flex e-con-boxed elementor-invisible e-con e-parent\" data-id=\"aec804f\" data-element_type=\"container\" data-e-type=\"container\" data-settings=\"{&quot;animation&quot;:&quot;fadeIn&quot;}\">\n\t\t\t\t\t<div class=\"e-con-inner\">\n\t\t\t\t<div class=\"elementor-element elementor-element-f28f92b elementor-widget__width-initial elementor-widget elementor-widget-text-editor\" data-id=\"f28f92b\" data-element_type=\"widget\" data-e-type=\"widget\" data-widget_type=\"text-editor.default\">\n\t\t\t\t\t\t\t\t\tNagradna igra traje od 06.05. do 06.07.2026.\t\t\t\t\t\t\t\t<\/div>\n\t\t\t\t<div class=\"elementor-element elementor-element-cfa488e elementor-widget elementor-widget-text-editor\" data-id=\"cfa488e\" data-element_type=\"widget\" data-e-type=\"widget\" data-widget_type=\"text-editor.default\">\n\t\t\t\t\t\t\t\t\tDatum izvla\u010denja nagrada <strong>07.07.2026<\/strong>.\t\t\t\t\t\t\t\t<\/div>\n\t\t\t\t<div class=\"elementor-element elementor-element-ced3a22 elementor-widget elementor-widget-text-editor\" data-id=\"ced3a22\" data-element_type=\"widget\" data-e-type=\"widget\" data-widget_type=\"text-editor.default\">\n\t\t\t\t\t\t\t\t\t<p>Cijena SMS poruke je 0,10 KM bez PDV-a. Prijava putem web stranice je besplatna.<br \/>Prikazan je ukupni nagradni fond, a raspodjelu mo\u017ee\u0161 pogledati u pravilima nagradne igre.<\/p>\t\t\t\t\t\t\t\t<\/div>\n\t\t\t\t\t<\/div>\n\t\t\t\t<\/div>\n\t\t<div class=\"elementor-element elementor-element-d70a424 e-flex e-con-boxed e-con e-parent\" data-id=\"d70a424\" data-element_type=\"container\" data-e-type=\"container\" data-settings=\"{&quot;background_background&quot;:&quot;classic&quot;}\">\n\t\t\t\t\t<div class=\"e-con-inner\">\n\t\t\t\t<div class=\"elementor-element elementor-element-fb34891 elementor-widget elementor-widget-text-editor\" data-id=\"fb34891\" data-element_type=\"widget\" data-e-type=\"widget\" data-widget_type=\"text-editor.default\">\n\t\t\t\t\t\t\t\t\t<p>Sva prava zadr\u017eana Sarajevski Kiseljak. | Powered by SMS Vision | 2026<\/p>\t\t\t\t\t\t\t\t<\/div>\n\t\t\t\t\t<\/div>\n\t\t\t\t<\/div>\n\t\t\t\t<\/div>\n\t\t","protected":false},"excerpt":{"rendered":"<p>KUPI BILO KOJU BOCU SARAJEVSKOG KISELJAKA I UKUCAJ RA\u010cUN! Pravilnik &#8211; RS Pravilnik &#8211; FBiH Pravilnik &#8211; BD Ili po\u0161alji sms na 091 112 411 Po\u0161alji SMS-om broj fiskalnog ra\u010duna (razmak) ime i prezime (razmak)grad kupca, na 091 112 411 ili se besplatno prijavi unosom podatakau formu. Obavezno sa\u010duvajte ra\u010dun. OSVOJI VRIJEDNE NAGRADE! Nagradna igra [&hellip;]<\/p>\n","protected":false},"author":1,"featured_media":0,"parent":0,"menu_order":0,"comment_status":"closed","ping_status":"closed","template":"elementor_canvas","meta":{"footnotes":""},"class_list":["post-7","page","type-page","status-publish","hentry"],"_links":{"self":[{"href":"https:\/\/135slavimo.ba\/index.php?rest_route=\/wp\/v2\/pages\/7","targetHints":{"allow":["GET"]}}],"collection":[{"href":"https:\/\/135slavimo.ba\/index.php?rest_route=\/wp\/v2\/pages"}],"about":[{"href":"https:\/\/135slavimo.ba\/index.php?rest_route=\/wp\/v2\/types\/page"}],"author":[{"embeddable":true,"href":"https:\/\/135slavimo.ba\/index.php?rest_route=\/wp\/v2\/users\/1"}],"replies":[{"embeddable":true,"href":"https:\/\/135slavimo.ba\/index.php?rest_route=%2Fwp%2Fv2%2Fcomments&post=7"}],"version-history":[{"count":47,"href":"https:\/\/135slavimo.ba\/index.php?rest_route=\/wp\/v2\/pages\/7\/revisions"}],"predecessor-version":[{"id":96,"href":"https:\/\/135slavimo.ba\/index.php?rest_route=\/wp\/v2\/pages\/7\/revisions\/96"}],"wp:attachment":[{"href":"https:\/\/135slavimo.ba\/index.php?rest_route=%2Fwp%2Fv2%2Fmedia&parent=7"}],"curies":[{"name":"wp","href":"https:\/\/api.w.org\/{rel}","templated":true}]}}